 x(m) = -4*m + 37. Let c(l) = 2*b(l) - 5*x(l). What is c(u)?
-25
Let w(i) = -4*i**2 + 9*i + 16 - 6*i**2 - 4*i**2 + 7*i**2 + 0*i. Determine w(-2).
-30
Let o be (38/(-2) - 21/(-3))*-1. Let t(j) = -4*j + 29. Determine t(o).
-19
Let v(g) = 2*g**2 - 7*g - 9 + g**2 - 4*g**2. Let r(k) = -338*k - 14. Let j be r(1). Let t be j/55 - (-4)/10. What is v(t)?
-3
Let q(w) = -50*w**2 - 3*w + 2. Suppose -3*m - 2*y + 9 = 0, -24*m + 15 = -21*m + 4*y. Determine q(m).
-51
Suppose z - 4*y + y = -8, -3*y = -4*z + 4. Let l = 18948 + -18945. Let i(f) = 3 - f**l + f - z + 28*f**2 - 25*f**2. Calculate i(3).
2
Suppose -4*h = -12*h + 800. Let z(v) = 101*v**2 - 3 + 4 + 3*v - 202*v**2 + h*v**2. Suppose 5*c - 26 + 10 = -o, -o - 16 = -3*c. Give z(c).
-3
Suppose 26 + 14 = 5*v. Let k(j) be the first derivative of -519 - 9/2*j**2 + 1/3*j**3 + 2*j. What is k(v)?
-6
Let s(q) = q**2 + 11*q + 23. Suppose 83 - 65 = o - 5*p, -5*p - 11 = -2*o. What is s(o)?
-5
Let d(x) = x + 6 - 8*x + x**2 - 3. Let j(z) = -z + 11. Let f(t) = 2*t - 22. Let v(l) = 2*f(l) + 5*j(l). Let y be v(5). Give d(y).
-3
Let f(y) = y**2 - 5*y + 15*y**2 + 4*y + 2 + y**3 - 12. Suppose 13 = s + 1 + 28. Give f(s).
6
Let w(y) = -56*y - 6. Let d(t) = -19*t - 2. Let k(c) = 11*d(c) - 4*w(c). Suppose -30*z + 16 + 44 = 0. Determine k(z).
32
Let u(k) = k - 3 + 1 + k - k. Let s be (8 + -2)*(31/341)/((-2)/(-11)). Calculate u(s).
1
Let s(g) = -164*g - 13. Let c(k) = 229*k + 19. Let d(m) = -5*c(m) - 7*s(m). What is d(0)?
-4
Let k = 13261 + -13276. Let b(l) = l**3 + 16*l**2 + 5*l - 157. Determine b(k).
-7
Let a(f) = -7*f. Suppose c = 5*m + 25, -2*m + 42*c - 38*c - 28 = 0. Calculate a(m).
28
Let a(i) = 5*i**3 + 4*i**2 + 2*i. Suppose 0 = 4*s + 4*b - 20, 46*s - 47*s + 5*b = 25. Suppose s = 28*u - 35*u - 14. Calculate a(u).
-28
Let j(n) = 5*n**2 + 6*n**2 + 1 - 7*n**2 - 2*n**2. Suppose 2*w - 5*b + 27 - 9 = 0, w + 4*b = 17. Calculate j(w).
3
Let a(b) = b**2 + b - 1. Let g = -211 - -231. Suppose 2*z - g = 5*c - 3*z, -3*c + 4*z - 13 = 0. Calculate a(c).
5
Let d(v) = v - 3. Suppose -g = -4*h + 18 - 32, 0 = 3*g - h - 20. Calculate d(g).
3
Let v(a) = 6*a + a - 4*a + a**3 - 3 + 5*a**2. Let z(y) = y + 2. Let h(n) = -8*n - 96. Let i(x) = -h(x) - 5*z(x). Let m be i(-30). Give v(m).
1
Let z(m) be the second derivative of -m**7/280 - m**5/120 + 15*m**4/4 - 2*m**3/3 + 15*m - 1. Let c(q) be the third derivative of z(q). Determine c(-1).
-10
Let x be -1*2 - (-2 + 2)*1/(-5). Let d(t) = 12*t - 7. Give d(x).
-31
Let g(f) = -f**3 + 31*f**2 - 56*f - 29. Let s be g(29). Suppose -5*k - 22 - s = y, 0 = 3*k + 4*y + 34. Let a(b) = b**3 + 10*b**2 + b - 2. Calculate a(k).
-12
Let w(y) = -43*y - 5*y - 7 - 28 + 50*y. What is w(4)?
-27
Let w(h) be the third derivative of -h**4/12 + 5*h**3/6 - 138*h**2 + h. Calculate w(-8).
21
Let p(r) = -r - 5. Let i(o) = 2*o**2 - 7*o + 8. Let h(t) = -i(t) - p(t). Give h(-3).
-45
Let y = -100 - -134. Suppose -3 - 5 = -4*s. Let l(h) = -y*h**2 + 2*h + 1 + 13*h**2 + 16*h**s. Determine l(-1).
-6
Let y(j) be the third derivative of -j**6/120 + 3*j**5/20 + j**3/6 + 14*j**2. Let r be -2*(1 + -10 + -1). Let b be (-4)/(-16) - (-175)/r. What is y(b)?
1
Let i(s) = -4*s - 2. Let o = 254 + -188. Suppose -7*v = -o + 59. Determine i(v).
-6
Let r be 38/133 - (-141)/42*2. Let o(b) = 5*b**3 + 19*b**2 + 4*b - 7. Let f(j) = -3*j**3 - 10*j**2 - 2*j + 4. Let z(t) = r*f(t) + 4*o(t). What is z(5)?
35
Suppose -g - 146*j = -151*j - 9, 5*j - 135 = 5*g. Let w(l) = 7*l + 236. Give w(g).
-16
Let n(m) = 17*m**3 - 4*m**2 - 4*m - 4. Let h(q) = -37*q**3 + 9*q**2 + 9*q + 8. Let o(u) = -6*h(u) - 13*n(u). Determine o(3).
7
Suppose -19 = -13*s + 7. Let q(d) = 1 - 8*d - 468*d**s - 469*d**2 + 936*d**2. Give q(-5).
16
Let t(r) be the first derivative of -11*r**2/2 + 10*r - 3699. Calculate t(4).
-34
Let a(i) = -i**3 - i**2 - i + 2. Let q be (-30)/(-4) + (-10 - 147/(-14)). Suppose 6*z = 10*z + q. Calculate a(z).
8
Let t(p) = 15*p**3 + 7*p**2 - 9. Let y(k) = 7*k**3 + k**2 - k. Let r(s) = t(s) - 2*y(s). Calculate r(-6).
-57
Let q(u) = -2*u - 7. Let m(i) = -i**2 + 3*i + 1. Let j be -4*(9 - 5 - (3 + 2)). Let z be m(j). What is q(z)?
-1
Let z(s) = s + 9. Let r be z(-5). Let n be 19/8 - (-66)/(-176). Suppose 2*k = -r*u - 8, n*u - 4 = -12. Let g(c) = 2*c**2 - 4*c. What is g(k)?
16
Let p(h) be the third derivative of h**4/24 - 8*h**3/3 - 522*h**2. Let n(w) = w. Let x be n(0). Suppose 2*d = -x*d + 20. Give p(d).
-6
Let j = 53 - 50. Suppose 5*m - m = -b + 8, -j*m = 4*b + 7. Suppose m*k + 3*o - 10 = o, 4*o = -3*k + 20. Let p(d) = -d + 4. Determine p(k).
4
Let w(n) = -3*n + 8. Let s(r) = -r**3 - 18*r**2 + 48*r + 168. Let k be s(-20). Determine w(k).
-16
Let c(y) = y**3 - 26*y**2 + 26*y - 23. Let a be c(25). Let v(i) = -i**a - 5*i + 5*i**2 - 7*i - 2*i**2 - 1. What is v(5)?
-11
Let h(l) = 4*l**3 - 26*l**2 + 16*l - 2. Let p(t) = -3*t**3 + 23*t**2 - 16*t + 2. Let q be 4 - (-56)/(-16)*2. Let o(m) = q*p(m) - 2*h(m). What is o(16)?
-2
Let q be 2/6 - (-11)/3. Suppose q*u = -23 + 3. Let o be (-2)/(u/50*-5). Let j(y) = y**3 + 5*y**2 + 2*y - 4. Give j(o).
4
Let t(n) = 2*n + 31. Let i be -28 - -11 - 1*-3. Let w be t(i). Let q be w - 4 - (0 - 5/1). Let y(f) = f**3 - 5*f**2 + 4*f + 4. Determine y(q).
4
Let p(o) = -o - 3. Let b be (-119)/105 + 8 + (-1 - (-34)/30). Calculate p(b).
-10
Suppose -q + p = 0, q + 86 = -9*p + 46. Let b(c) be the first derivative of -c**4/4 - 4*c**3/3 + c**2 - 4*c + 1. Give b(q).
-12
Let g(m) be the third derivative of 32*m**2 + 7/24*m**4 + 0 - 1/60*m**5 - 5/6*m**3 - m. Determine g(6).
1
Let h(o) = -2*o**2 + o - 1. Let n(z) = -2*z**3 - 39*z**2 - 15*z + 79. Let j be ((1 - 20)*(-41 - -42))/1. Let u be n(j). Give h(u).
-16
Suppose -74 - 106 = 10*q. Let l(n) = -n**3 - 19*n**2 - 17*n + 13. Let y be l(q). Let t(a) = -a. Let b(d) = 10*d. Let v(k) = 2*b(k) + 22*t(k). What is v(y)?
10
Let v(b) = b**3 - 31*b**2 + 2*b - 60. Let z be v(31). Let w(j) = 4*j**2 + 6*j**2 - 9*j**z - 6*j. Let c = -12 - -17. What is w(c)?
-5
Let b(l) = -13*l**2 - l - 1. Suppose -24 = -5*y + 4*p - 1, 0 = 4*p + 8. Suppose -42*f - 214 = -46. Let s = f + y. Calculate b(s).
-13
Suppose 0 = -13*v + 8*v + 10, -3*q = -2*v - 2. Let z(r) = 6*r - r**3 + 12*r**3 - 6*r**2 - 10*r**3 + q. Let d = 7 - 2. What is z(d)?
7
Let w(o) be the second derivative of o**3/3 - 9*o**2/2 - o. Suppose 0 = 49*n - 1995 - 945. Let h be (n/25)/(14/35). Calculate w(h).
3
Suppose 186*j - 189*j = 2*f - 11, 0 = -3*f - j - 8. Let w(q) be the second derivative of 2*q**3/3 + 11*q**2/2 - 3*q. Give w(f).
-9
Let c be (-1 - 2/(-3))/((-16)/144). Suppose 0 = -f - f + c*g - 11, 5*f - g = 5. Let k(u) = 8*u**f - 3*u**2 - 4*u**2 - u**3 + 2 + 3*u. Determine k(-2).
8
Suppose -3*z = -a + 25, 365*z - 367*z + 2*a - 26 = 0. Let c(d) = 2*d + d**2 + 0*d**2 + 4 + 6*d. What is c(z)?
-8
Let d = -4576 + 4572. Suppose 15 = 3*a + 2*a - 2*n, -n - 1 = 4*a. Let c(y) = 6*y**2 + 12*y + 5. Let j(h) = h**2 + h. Let r(t) = a*c(t) - 5*j(t). Determine r(d).
-7
Let n(x) = 4 - 8 + 4*x - 19 - 15 - 21. Calculate n(15).
1
Let x = 6 - 3. Let j = -28667 - -28670. Let p(t) = 4 - 109*t**2 + 105*t**2 + t**x + 0*t**j. Give p(4).
4
Let z(s) = 3*s**2 - 16*s - 9. Let h(x) = -19*x - 4 - 6 - 1 + 2 + 4*x**2. Let r(w) = -4*h(w) + 5*z(w). Calculate r(-6).
-21
Let d be 1/5 + (-2331)/(-45) + 0. Suppose -d = 130*l - 134*l. Let j(n) = -3*n + 18. What is j(l)?
-21
Let c = -43 - -40. Let h(u) = 4*u**3 + 3*u - 2*u**3 + u**2 - u**3 + 6 - 2. Give h(c).
-23
Let g = 598 - -28. Let q(o) = 314 - 2*o - g + 314. Determine q(7).
-12
Let d be (40/30)/(4/21). Suppose -2*y - 4*q + 35 + d = 0, 0 = 3*y + 4*q - 61. Let r(z) = -z + 28. Determine r(y).
9
Let a(r) be the first derivative of 5*r**2/2 - r + 6339. Let n(l) = -l**3 + 10*l**2 + 12*l - 8. Let d be n(11). What is a(d)?
14
Let s = 696 - 693. Let g(o) = -18*o - 40*o - 4 + 57*o. Determine g(s).
-7
Let g(q) = 4*q**3 + 6*q**2 - 5*q - 2. Let d(m) = -6*m**3 - 10*m**2 + 8*m + 3. Let j(y) = -3*d(y) - 5*g(y). Give j(2).
-13
Let u(c) = c**3 + 9*c**2 + 13*c + 14. Let j(l) = -4*l + 9. Let h be j(4). Let i be u(h). Suppose -a - i = -15. Let o(z) = -z - 1. What is o(a)?
5
Let n(q) = -q**2 + 15*q - 9. Let t be n(14). Let s be 5 - (t - 1) - -2. Let x(y) = 88 + y + y**2 - y**s - 88. What is x(0)?
0
Let f(d) = d**3 + 3. Let u(k) = k**2 - 8*k + 16. Let j be u(5). Let s be 0/(4*j/(-4)